2384800?
True
Is 136891866 a multiple of 5574?
True
Does 21 divide 2209240950?
True
Is 34724348 a multiple of 73?
True
Is 3 a factor of 8442771?
True
Is 86414400 a multiple of 1765?
True
Is 5059062190 a multiple of 14?
True
Does 25 divide 262225333?
False
Is 71402715 a multiple of 15?
True
Is 50970114 a multiple of 51?
True
Is 912 a factor of 26219088?
True
Is 17167505 a multiple of 54?
False
Does 154 divide 20983424?
True
Is 86627505 a multiple of 6?
False
Does 321 divide 556537602?
True
Is 177 a factor of 136797090?
False
Is 47 a factor of 196562131?
True
Is 293 a factor of 138571713?
True
Is 52 a factor of 75651940?
True
Does 290 divide 1491631851?
False
Is 464 a factor of 1566951200?
True
Is 3434 a factor of 696391162?
True
Does 66 divide 42891696?
False
Does 85 divide 197610351?
False
Is 12825596 a multiple of 51?
False
Does 25 divide 363994656?
False
Is 2 a factor of 391426759?
False
Is 792867614 a multiple of 10?
False
Is 437212014 a multiple of 6?
True
Is 1236578985 a multiple of 45?
True
Is 169524172 a multiple of 307?
True
Is 191241554 a multiple of 513?
False
Is 48182289 a multiple of 2199?
True
Does 344 divide 870341613?
False
Is 677 a factor of 100994860?
True
Does 468 divide 19601712?
True
Is 20 a factor of 164470040?
True
Is 44 a factor of 52881335?
False
Is 10 a factor of 61063857?
False
Is 181333322 a multiple of 34?
True
Is 62 a factor of 342244664?
False
Is 183005988 a multiple of 2798?
True
Is 1973442304 a multiple of 13037?
False
Is 2754288385 a multiple of 1088?
False
Is 172618192 a multiple of 10?
False
Is 164007356 a multiple of 1031?
True
Is 118 a factor of 586512849?
False
Does 71 divide 9947573?
False
Is 510 a factor of 2343933814?
False
Is 9334858 a multiple of 13?
True
Does 288 divide 48866688?
True
Does 5471 divide 1570116819?
True
Is 6373411 a multiple of 566?
False
Does 23 divide 165654872?
False
Is 177693830 a multiple of 107?
True
Is 441 a factor of 1553071800?
False
Is 4801184 a multiple of 15?
False
Is 24 a factor of 2456403518?
False
Does 21 divide 198169393?
False
Is 245 a factor of 1034133730?
True
Is 28 a factor of 1648146724?
True
Is 45 a factor of 5573025?
True
Is 46014562 a multiple of 48?
False
Is 16 a factor of 414155952?
True
Does 77 divide 47590251?
False
Is 14 a factor of 476078552?
False
Is 103332216 a multiple of 4377?
True
Is 838 a factor of 145853900?
True
Is 380 a factor of 36081380?
True
Does 3 divide 3506993?
False
Is 40484760 a multiple of 15?
True
Is 109486823 a multiple of 31?
True
Is 85406332 a multiple of 3?
False
Does 523 divide 457400633?
True
Is 763340256 a multiple of 63?
True
Is 9 a factor of 28738197?
True
Is 52 a factor of 293193004?
True
Does 50 divide 795649800?
True
Is 51 a factor of 299754846?
True
Is 1513585864 a multiple of 354?
False
Is 1395067038 a multiple of 3?
True
Is 147845069 a multiple of 2?
False
Is 7020228971 a multiple of 49?
True
Is 63 a factor of 20566075?
False
Is 10 a factor of 65859010?
True
Does 15 divide 961566015?
True
Is 111885056 a multiple of 32?
True
Does 29 divide 238214265?
True
Is 168 a factor of 626277456?
True
Is 85497357 a multiple of 33?
True
Does 22 divide 73454788?
True
Is 74 a factor of 262287450?
True
Is 8885204 a multiple of 51?
False
Is 300 a factor of 238380600?
True
Is 16808348 even?
True
Does 14 divide 17525046?
True
Is 320505500 a multiple of 28?
True
Is 250 a factor of 144597500?
True
Is 9 a factor of 18888824?
False
Is 359261215 a multiple of 571?
False
Does 25 divide 211795146?
False
Does 7 divide 19717814?
False
Does 581 divide 8325730?
True
Is 6 a factor of 85938294?
True
Is 8936092 a multiple of 610?
False
Is 43429320 a multiple of 18?
True
Is 523299285 a multiple of 135?
True
Is 253 a factor of 4580350?
False
Does 2046 divide 247467792?
True
Is 151 a factor of 308480727?
False
Is 114 a factor of 9155637?
False
Is 112221703 a multiple of 120?
False
Is 291043626 a multiple of 4?
False
Is 15126864 a multiple of 232?
True
Does 6 divide 137914316?
False
Does 17 divide 47497150?
True
Does 74 divide 17176140?
True
Is 1793833086 a multiple of 163?
False
Is 13514200 a multiple of 56?
True
Is 1151947776 a multiple of 1344?
True
Does 1408 divide 1248049792?
True
Does 346 divide 153869290?
False
Is 11 a factor of 416231563?
True
Is 2552999 a multiple of 2161?
False
Does 6 divide 20736672?
True
Is 1221261626 a multiple of 1469?
False
Is 101754347 a multiple of 1117?
False
Is 245774070 a multiple of 15?
True
Is 50 a factor of 22098650?
True
Is 289008498 a multiple of 107?
True
Is 922935904 a multiple of 116?
True
Is 1074719 a multiple of 3?
False
Is 25631557 a multiple of 121?
False
Does 942 divide 575602?
False
Is 18 a factor of 402567048?
True
Is 28752388 a multiple of 23?
False
Is 3 a factor of 355034172?
True
Is 653949312 a multiple of 24?
True
Is 11546622 a multiple of 205?
False
Does 8 divide 485363912?
True
Is 709 a factor of 17753077?
False
Is 24 a factor of 49995168?
True
Is 116 a factor of 1157784?
False
Is 508679983 a multiple of 943?
False
Does 4746 divide 158668272?
True
Does 73 divide 129430752?
True
Is 105 a factor of 90985453?
False
Does 50 divide 174882859?
False
Does 439 divide 145707391?
False
Does 1824 divide 3165975?
False
Is 3006939 a multiple of 257?
False
Is 8028508077 a multiple of 27?
True
Does 186 divide 2416991562?
False
Does 9258 divide 2214433910?
False
Does 15 divide 600933476?
False
Is 2787 a factor of 37433883?
False
Is 6597581 a multiple of 37?
True
Is 154021068 a multiple of 18?
True
Is 416436900 a multiple of 5830?
True
Does 50 divide 19108050?
True
Is 64032397 a multiple of 11?
True
Does 131 divide 259440505?
False
Is 2537 a factor of 4433009191?
True
Does 8 divide 54370256?
True
Does 49 divide 1388134595?
False
Does 160 divide 674584480?
True
Is 21631916 a multiple of 927?
False
Is 44 a factor of 206032104?
False
Is 626850246 a multiple of 22?
True
Is 567078 a multiple of 3?
True
Does 3 divide 12397038?
True
Is 210071225 a multiple of 13?
True
Is 1305504965 a multiple of 13?
False
Does 393 divide 36345033?
True
Is 54 a factor of 75839652?
True
Is 468986 a multiple of 6?
False
Is 143822698 a multiple of 2011?
True
Is 85 a factor of 70478474?
False
Is 16 a factor of 6953768?
False
Is 28072101 a multiple of 6?
False
Is 56 a factor of 26362192?
False
Is 109 a factor of 440052721?
False
Is 151 a factor of 88123178?
False
Is 12193128 a multiple of 333?
True
Is 3839562 a multiple of 193?
False
Is 45109337 a multiple of 13?
True
Is 27 a factor of 963513171?
True
Is 8970901 a multiple of 1204?
False
Does 68 divide 525897584?
True
Is 108712773 a multiple of 81?
True
Does 116 divide 203627328?
True
Does 819 divide 297288231?
False
Does 2436 divide 229636848?
True
Does 20 divide 83201587?
False
Is 116 a factor of 378980816?
True
Does 2468 divide 732739328?
True
Is 4940 a factor of 789738040?
True
Does 42 divide 2610535?
False
Is 4 a factor of 47650910?
False
Is 7 a factor of 9922822?
True
Does 194 divide 8737760?
True
Is 13427652 a multiple of 7?
True
Does 247 divide 575849679?
False
Does 18 divide 113882418?
True
Is 165 a factor of 69889545?
True
Does 119 divide 232227786?
True
Is 81833637 a multiple of 37?
False
Is 2580 a factor of 2401632897?
False
Is 67 a factor of 16720319?
True
Is 2025382700 a multiple of 185?
False
Does 103 divide 311767796?
False
Is 1475 a factor of 267278850?
True
Is 24990287 a multiple of 36?
False
Does 64 divide 90220845?
False
Is 256319253 a multiple of 23?
False
Is 12357 a factor of 459729828?
True
Does 69 divide 19993543?
False
Is 325430015 a multiple of 2215?
True
Does 12 divide 968183175?
False
Is 75519098 a multiple of 59?
False
Does 2668 divide 1528107672?
True
Is 20642128 a multiple of 16?
True
Does 16 divide 82463088?
True
Is 474 a factor of 28191646?
False
Is 71 a factor of 183036304?
False
Is 2374182 a multiple of 64?
False
Is 1012871 a multiple of 34?
False
Does 317 divide 3747965495?
True
Does 1640 divide 717075692?
False
Is 92 a factor of 645042406?
False
Does 348 divide 1271090880?
True
Is 22778855 a multiple of 27?
False
Does 63 divide 100379433?
False
Does 20 divide 50173986?
False
Does 135 divide 10127565?
True
Does 14 divide 116407970?
True
Is 36936342 a multiple of 1938?
True
Does 2271 divide 4021941?
True
Does 1997 divide 27129776?
False
Is 18 a factor of 81495